{"id":7,"date":"2019-06-30T11:43:21","date_gmt":"2019-06-30T11:43:21","guid":{"rendered":"https:\/\/kovartphoto.hu\/?page_id=7"},"modified":"2024-10-10T20:32:49","modified_gmt":"2024-10-10T18:32:49","slug":"about","status":"publish","type":"page","link":"https:\/\/kovartphoto.hu\/?page_id=7","title":{"rendered":"R\u00f3lam"},"content":{"rendered":"\t\t<div data-elementor-type=\"wp-post\" data-elementor-id=\"7\" class=\"elementor elementor-7\">\n\t\t\t\t\t\t<section class=\"elementor-section elementor-top-section elementor-element elementor-element-80b8019 elementor-section-boxed elementor-section-height-default elementor-section-height-default\" data-id=\"80b8019\" data-element_type=\"section\" data-settings=\"{&quot;background_background&quot;:&quot;classic&quot;}\">\n\t\t\t\t\t\t<div class=\"elementor-container elementor-column-gap-default\">\n\t\t\t\t\t<div class=\"elementor-column elementor-col-50 elementor-top-column elementor-element elementor-element-20caeab\" data-id=\"20caeab\" data-element_type=\"column\">\n\t\t\t<div class=\"elementor-widget-wrap elementor-element-populated\">\n\t\t\t\t\t\t<div class=\"elementor-element elementor-element-69fd7f0 elementor-widget elementor-widget-image\" data-id=\"69fd7f0\" data-element_type=\"widget\" data-widget_type=\"image.default\">\n\t\t\t\t<div class=\"elementor-widget-container\">\n\t\t\t\t\t\t\t\t\t\t\t\t\t<img fetchpriority=\"high\" decoding=\"async\" width=\"800\" height=\"1200\" src=\"https:\/\/kovartphoto.hu\/wp-content\/uploads\/2024\/10\/AIN_0069-Edit.jpg\" class=\"attachment-full size-full wp-image-2356\" alt=\"\" srcset=\"https:\/\/kovartphoto.hu\/wp-content\/uploads\/2024\/10\/AIN_0069-Edit.jpg 800w, https:\/\/kovartphoto.hu\/wp-content\/uploads\/2024\/10\/AIN_0069-Edit-200x300.jpg 200w, https:\/\/kovartphoto.hu\/wp-content\/uploads\/2024\/10\/AIN_0069-Edit-683x1024.jpg 683w, https:\/\/kovartphoto.hu\/wp-content\/uploads\/2024\/10\/AIN_0069-Edit-768x1152.jpg 768w\" sizes=\"(max-width: 800px) 100vw, 800px\" \/>\t\t\t\t\t\t\t\t\t\t\t\t\t<\/div>\n\t\t\t\t<\/div>\n\t\t\t\t\t<\/div>\n\t\t<\/div>\n\t\t\t\t<div class=\"elementor-column elementor-col-50 elementor-top-column elementor-element elementor-element-3ef46a2\" data-id=\"3ef46a2\" data-element_type=\"column\" data-settings=\"{&quot;background_background&quot;:&quot;classic&quot;}\">\n\t\t\t<div class=\"elementor-widget-wrap elementor-element-populated\">\n\t\t\t\t\t<div class=\"elementor-background-overlay\"><\/div>\n\t\t\t\t\t\t<div class=\"elementor-element elementor-element-e719899 elementor-widget elementor-widget-text-editor\" data-id=\"e719899\" data-element_type=\"widget\" data-widget_type=\"text-editor.default\">\n\t\t\t\t<div class=\"elementor-widget-container\">\n\t\t\t\t\t\t\t<p>Simon-K\u0151v\u00e1g\u00f3 Paulina vagyok. Egy gy\u00f6ny\u00f6r\u0171 kisfi\u00fa b\u00fcszke anyuk\u00e1ja \u00e9s egy csod\u00e1latos labrador gazdija.\u00a0<\/p><p>Fot\u00f3z\u00e1ssal a Covid idej\u00e9n ismerkedtem meg k\u00f6zelebbr\u0151l. Ment\u00e1lisan el\u00e9g neh\u00e9z id\u0151szak volt ez nekem. \u00d6r\u00f6kmozg\u00f3k\u00e9nt musz\u00e1j volt valahogy kiszakadni abb\u00f3l a fajta bez\u00e1rts\u00e1gb\u00f3l \u00e9s ingerszeg\u00e9ny k\u00f6rnyezetb\u0151l, ami a mindennapjainkat jellemezte.\u00a0<\/p><p>Beszereztem h\u00e1t az els\u0151 f\u00e9nyk\u00e9pez\u0151g\u00e9pemet \u00e9s megalkottam a saj\u00e1t vil\u00e1gom. Azt\u00e1n j\u00f6ttek a tanfolyamok, workshopok, teltek a h\u00f3napok \u00e9s az \u00e9vek, de a kezdeti t\u0171z nem akart kialudni. Tudtam, hogy meg\u00e9rkeztem.<\/p><p>Id\u0151k\u00f6zben megsz\u00fcletett a kisfiam, aki mindig remek alanynak bizonyul, f\u0151leg, hogy &#8211; ak\u00e1rcsak az anyuk\u00e1ja- \u0151 se b\u00edr egy helyben maradni sok\u00e1ig, \u00edgy azt\u00e1n rutint, azt b\u0151ven lehetett \u00e1ltala szerezni \ud83d\ude42\u00a0<\/p><p>M\u00e1sik szenved\u00e9lyem egyben a m\u00e1sik f\u0151 t\u00e9m\u00e1m is, term\u00e9szetesen a kuty\u00e1k, legyen az portr\u00e9 vagy sport. Benjivel k\u00f6ly\u00f6kkora \u00f3ta j\u00e1runk obedience \u00e9s agility tr\u00e9ningekre \u00edgy tudom, mit jelentenek ezek a k\u00e9pek a gazdiknak. A sportfot\u00f3 nem csak az adott pillanatot jelenti, hanem a m\u00f6g\u00f6tte l\u00e9v\u0151 t\u00f6m\u00e9rdek munk\u00e1t, a bizalmat, a kapcsolatot amit hossz\u00fa hossz\u00fa h\u00f3napokig, \u00e9vekig \u00e9p\u00edtenek, miel\u0151tt p\u00e1ly\u00e1ra l\u00e9pn\u00e9nek. Azt a pillant\u00e1st csak az \u00e9rtheti, aki maga is r\u00e9szese ennek a vil\u00e1gnak.<\/p><p>A csal\u00e1di \u00e9s a kutyafot\u00f3kkal is egy azon c\u00e9lom van. Szeretn\u00e9m a vil\u00e1gnak k\u00e9pek form\u00e1j\u00e1ban bemutatni azt, amit ti, anyuk\u00e1k, apuk\u00e1k, nagysz\u00fcl\u0151k, tes\u00f3k vagy gazdik \u00e9reztek. Az \u00f6sszetartoz\u00e1st, szeretetet, elk\u00f6telez\u0151d\u00e9st, hogy \u00e9vek m\u00falva r\u00e1n\u00e9zve ezekre a k\u00e9pekre, eszetekbe jusson mindaz, amit akkor \u00e9s ott \u00e1t\u00e9ltetek.<\/p>\t\t\t\t\t\t<\/div>\n\t\t\t\t<\/div>\n\t\t\t\t\t<\/div>\n\t\t<\/div>\n\t\t\t\t\t<\/div>\n\t\t<\/section>\n\t\t\t\t<section class=\"elementor-section elementor-top-section elementor-element elementor-element-0beb40c elementor-section-height-min-height elementor-section-boxed elementor-section-height-default elementor-section-items-middle\" data-id=\"0beb40c\" data-element_type=\"section\">\n\t\t\t\t\t\t<div class=\"elementor-container elementor-column-gap-extended\">\n\t\t\t\t\t<div class=\"elementor-column elementor-col-25 elementor-top-column elementor-element elementor-element-cf519c0\" data-id=\"cf519c0\" data-element_type=\"column\">\n\t\t\t<div class=\"elementor-widget-wrap elementor-element-populated\">\n\t\t\t\t\t\t<div class=\"elementor-element elementor-element-62ae1d4 elementor-widget elementor-widget-power_element_team\" data-id=\"62ae1d4\" data-element_type=\"widget\" data-widget_type=\"power_element_team.default\">\n\t\t\t\t<div class=\"elementor-widget-container\">\n\t\t\t<div class=\"power_team_member simple_style\">\r\n                <div class=\"power_team_member_image\">\r\n                            <img decoding=\"async\" src=\"https:\/\/kovartphoto.hu\/wp-content\/uploads\/2024\/10\/IMG_7224.jpg\" alt=\"\">\r\n                        <\/div>\r\n\t                <div class=\"power_team_member_details\">\r\n\t                    <div class=\"power_team_member_inner\">\r\n\t                        <h3 class=\"power_team_member_title\"><\/h3>\r\n\t                        <h5 class=\"power_team_member_designation\"><\/h5>\r\n\t                        \r\n\t                    <\/div>\r\n\t                <\/div>\r\n            \t<\/div>\t\t<\/div>\n\t\t\t\t<\/div>\n\t\t\t\t\t<\/div>\n\t\t<\/div>\n\t\t\t\t<div class=\"elementor-column elementor-col-25 elementor-top-column elementor-element elementor-element-3c74ef2\" data-id=\"3c74ef2\" data-element_type=\"column\">\n\t\t\t<div class=\"elementor-widget-wrap elementor-element-populated\">\n\t\t\t\t\t\t<div class=\"elementor-element elementor-element-3080d8d elementor-widget elementor-widget-power_element_team\" data-id=\"3080d8d\" data-element_type=\"widget\" data-widget_type=\"power_element_team.default\">\n\t\t\t\t<div class=\"elementor-widget-container\">\n\t\t\t<div class=\"power_team_member simple_style\">\r\n                <div class=\"power_team_member_image\">\r\n                            <img decoding=\"async\" src=\"https:\/\/kovartphoto.hu\/wp-content\/uploads\/2024\/10\/Web-IMG_1748.jpg\" alt=\"\">\r\n                        <\/div>\r\n\t                <div class=\"power_team_member_details\">\r\n\t                    <div class=\"power_team_member_inner\">\r\n\t                        <h3 class=\"power_team_member_title\"><\/h3>\r\n\t                        <h5 class=\"power_team_member_designation\"><\/h5>\r\n\t                        \r\n\t                    <\/div>\r\n\t                <\/div>\r\n            \t<\/div>\t\t<\/div>\n\t\t\t\t<\/div>\n\t\t\t\t\t<\/div>\n\t\t<\/div>\n\t\t\t\t<div class=\"elementor-column elementor-col-25 elementor-top-column elementor-element elementor-element-da6a35a\" data-id=\"da6a35a\" data-element_type=\"column\">\n\t\t\t<div class=\"elementor-widget-wrap\">\n\t\t\t\t\t\t\t<\/div>\n\t\t<\/div>\n\t\t\t\t<div class=\"elementor-column elementor-col-25 elementor-top-column elementor-element elementor-element-7e26a17\" data-id=\"7e26a17\" data-element_type=\"column\">\n\t\t\t<div class=\"elementor-widget-wrap elementor-element-populated\">\n\t\t\t\t\t\t<div class=\"elementor-element elementor-element-dfb5917 elementor-widget elementor-widget-power_element_team\" data-id=\"dfb5917\" data-element_type=\"widget\" data-widget_type=\"power_element_team.default\">\n\t\t\t\t<div class=\"elementor-widget-container\">\n\t\t\t<div class=\"power_team_member simple_style\">\r\n                <div class=\"power_team_member_image\">\r\n                            <img decoding=\"async\" src=\"https:\/\/kovartphoto.hu\/wp-content\/uploads\/2024\/10\/IMG_3982.jpg\" alt=\"\">\r\n                        <\/div>\r\n\t                <div class=\"power_team_member_details\">\r\n\t                    <div class=\"power_team_member_inner\">\r\n\t                        <h3 class=\"power_team_member_title\"><\/h3>\r\n\t                        <h5 class=\"power_team_member_designation\"><\/h5>\r\n\t                        \r\n\t                    <\/div>\r\n\t                <\/div>\r\n            \t<\/div>\t\t<\/div>\n\t\t\t\t<\/div>\n\t\t\t\t\t<\/div>\n\t\t<\/div>\n\t\t\t\t\t<\/div>\n\t\t<\/section>\n\t\t\t\t<section class=\"elementor-section elementor-top-section elementor-element elementor-element-7775c8b elementor-section-full_width elementor-section-height-default elementor-section-height-default\" data-id=\"7775c8b\" data-element_type=\"section\">\n\t\t\t\t\t\t<div class=\"elementor-container elementor-column-gap-no\">\n\t\t\t\t\t<div class=\"elementor-column elementor-col-20 elementor-top-column elementor-element elementor-element-8d76898\" data-id=\"8d76898\" data-element_type=\"column\">\n\t\t\t<div class=\"elementor-widget-wrap\">\n\t\t\t\t\t\t\t<\/div>\n\t\t<\/div>\n\t\t\t\t<div class=\"elementor-column elementor-col-20 elementor-top-column elementor-element elementor-element-e2a6c08\" data-id=\"e2a6c08\" data-element_type=\"column\">\n\t\t\t<div class=\"elementor-widget-wrap\">\n\t\t\t\t\t\t\t<\/div>\n\t\t<\/div>\n\t\t\t\t<div class=\"elementor-column elementor-col-20 elementor-top-column elementor-element elementor-element-860b27e\" data-id=\"860b27e\" data-element_type=\"column\">\n\t\t\t<div class=\"elementor-widget-wrap\">\n\t\t\t\t\t\t\t<\/div>\n\t\t<\/div>\n\t\t\t\t<div class=\"elementor-column elementor-col-20 elementor-top-column elementor-element elementor-element-c0e51d4\" data-id=\"c0e51d4\" data-element_type=\"column\">\n\t\t\t<div class=\"elementor-widget-wrap\">\n\t\t\t\t\t\t\t<\/div>\n\t\t<\/div>\n\t\t\t\t<div class=\"elementor-column elementor-col-20 elementor-top-column elementor-element elementor-element-15a9afc\" data-id=\"15a9afc\" data-element_type=\"column\">\n\t\t\t<div class=\"elementor-widget-wrap\">\n\t\t\t\t\t\t\t<\/div>\n\t\t<\/div>\n\t\t\t\t\t<\/div>\n\t\t<\/section>\n\t\t\t\t<section class=\"elementor-section elementor-top-section elementor-element elementor-element-e8eba7a elementor-section-full_width elementor-section-height-default elementor-section-height-default\" data-id=\"e8eba7a\" data-element_type=\"section\" data-settings=\"{&quot;background_background&quot;:&quot;classic&quot;}\">\n\t\t\t\t\t\t<div class=\"elementor-container elementor-column-gap-default\">\n\t\t\t\t\t<div class=\"elementor-column elementor-col-100 elementor-top-column elementor-element elementor-element-47d01e8\" data-id=\"47d01e8\" data-element_type=\"column\">\n\t\t\t<div class=\"elementor-widget-wrap elementor-element-populated\">\n\t\t\t\t\t\t<section class=\"elementor-section elementor-inner-section elementor-element elementor-element-8ff23f6 elementor-section-boxed elementor-section-height-default elementor-section-height-default\" data-id=\"8ff23f6\" data-element_type=\"section\">\n\t\t\t\t\t\t<div class=\"elementor-container elementor-column-gap-default\">\n\t\t\t\t\t<div class=\"elementor-column elementor-col-33 elementor-inner-column elementor-element elementor-element-e189fba\" data-id=\"e189fba\" data-element_type=\"column\">\n\t\t\t<div class=\"elementor-widget-wrap elementor-element-populated\">\n\t\t\t\t\t\t<div class=\"elementor-element elementor-element-3e54f90 elementor-widget elementor-widget-power_element_icon_box\" data-id=\"3e54f90\" data-element_type=\"widget\" data-widget_type=\"power_element_icon_box.default\">\n\t\t\t\t<div class=\"elementor-widget-container\">\n\t\t\t<div class=\"power_iconbox type_2\">\r\n                <div class=\"power_iconbox_wrapper\">\r\n                   <div class=\"power_iconbox_icon\">\r\n                        <img decoding=\"async\" src=\"https:\/\/kovartphoto.hu\/wp-content\/uploads\/2020\/05\/7.png\" alt=\"Photography on Nature\">\r\n                    <\/div>\r\n                    <div class=\"power_iconbox_content\">\r\n                        <h6><\/h6>\r\n                        <h3>Photography on Nature<\/h3>\r\n                        <p>Lorem ipsum dolor sit amet, consectetur adipiscing elit. Ut \nsed bibendum leo maur massa eleifend et purus vel feugiat \nrutrum nulla cras vitae est.<\/p>\r\n                    <\/div>\r\n                <\/div>\r\n            <\/div>\t\t<\/div>\n\t\t\t\t<\/div>\n\t\t\t\t\t<\/div>\n\t\t<\/div>\n\t\t\t\t<div class=\"elementor-column elementor-col-33 elementor-inner-column elementor-element elementor-element-ccd0e43\" data-id=\"ccd0e43\" data-element_type=\"column\">\n\t\t\t<div class=\"elementor-widget-wrap elementor-element-populated\">\n\t\t\t\t\t\t<div class=\"elementor-element elementor-element-8741b62 elementor-widget elementor-widget-power_element_icon_box\" data-id=\"8741b62\" data-element_type=\"widget\" data-widget_type=\"power_element_icon_box.default\">\n\t\t\t\t<div class=\"elementor-widget-container\">\n\t\t\t<div class=\"power_iconbox type_2\">\r\n                <div class=\"power_iconbox_wrapper\">\r\n                   <div class=\"power_iconbox_icon\">\r\n                        <img decoding=\"async\" src=\"https:\/\/kovartphoto.hu\/wp-content\/uploads\/2020\/05\/8.png\" alt=\"Wedding Videography\">\r\n                    <\/div>\r\n                    <div class=\"power_iconbox_content\">\r\n                        <h6><\/h6>\r\n                        <h3>Wedding Videography<\/h3>\r\n                        <p>Lorem ipsum dolor sit amet, consectetur adipiscing elit. Ut \nsed bibendum leo maur massa eleifend et purus vel feugiat \nrutrum nulla cras vitae est.<\/p>\r\n                    <\/div>\r\n                <\/div>\r\n            <\/div>\t\t<\/div>\n\t\t\t\t<\/div>\n\t\t\t\t\t<\/div>\n\t\t<\/div>\n\t\t\t\t<div class=\"elementor-column elementor-col-33 elementor-inner-column elementor-element elementor-element-6e60140\" data-id=\"6e60140\" data-element_type=\"column\">\n\t\t\t<div class=\"elementor-widget-wrap elementor-element-populated\">\n\t\t\t\t\t\t<div class=\"elementor-element elementor-element-ed03721 elementor-widget elementor-widget-power_element_icon_box\" data-id=\"ed03721\" data-element_type=\"widget\" data-widget_type=\"power_element_icon_box.default\">\n\t\t\t\t<div class=\"elementor-widget-container\">\n\t\t\t<div class=\"power_iconbox type_2\">\r\n                <div class=\"power_iconbox_wrapper\">\r\n                   <div class=\"power_iconbox_icon\">\r\n                        <img decoding=\"async\" src=\"https:\/\/kovartphoto.hu\/wp-content\/uploads\/2020\/05\/9.png\" alt=\"Wildlife Photography\">\r\n                    <\/div>\r\n                    <div class=\"power_iconbox_content\">\r\n                        <h6><\/h6>\r\n                        <h3>Wildlife Photography<\/h3>\r\n                        <p>Lorem ipsum dolor sit amet, consectetur adipiscing elit. Ut \nsed bibendum leo maur massa eleifend et purus vel feugiat \nrutrum nulla cras vitae est.<\/p>\r\n                    <\/div>\r\n                <\/div>\r\n            <\/div>\t\t<\/div>\n\t\t\t\t<\/div>\n\t\t\t\t\t<\/div>\n\t\t<\/div>\n\t\t\t\t\t<\/div>\n\t\t<\/section>\n\t\t\t\t<section class=\"elementor-section elementor-inner-section elementor-element elementor-element-4257011 elementor-section-boxed elementor-section-height-default elementor-section-height-default\" data-id=\"4257011\" data-element_type=\"section\">\n\t\t\t\t\t\t<div class=\"elementor-container elementor-column-gap-default\">\n\t\t\t\t\t<div class=\"elementor-column elementor-col-33 elementor-inner-column elementor-element elementor-element-bef2a04\" data-id=\"bef2a04\" data-element_type=\"column\">\n\t\t\t<div class=\"elementor-widget-wrap elementor-element-populated\">\n\t\t\t\t\t\t<div class=\"elementor-element elementor-element-b0a4b9c elementor-widget elementor-widget-power_element_icon_box\" data-id=\"b0a4b9c\" data-element_type=\"widget\" data-widget_type=\"power_element_icon_box.default\">\n\t\t\t\t<div class=\"elementor-widget-container\">\n\t\t\t<div class=\"power_iconbox type_2\">\r\n                <div class=\"power_iconbox_wrapper\">\r\n                   <div class=\"power_iconbox_icon\">\r\n                        <img decoding=\"async\" src=\"https:\/\/kovartphoto.hu\/wp-content\/uploads\/2020\/05\/10.png\" alt=\"Photography on Events\">\r\n                    <\/div>\r\n                    <div class=\"power_iconbox_content\">\r\n                        <h6><\/h6>\r\n                        <h3>Photography on Events<\/h3>\r\n                        <p>Lorem ipsum dolor sit amet, consectetur adipiscing elit. Ut \nsed bibendum leo maur massa eleifend et purus vel feugiat \nrutrum nulla cras vitae est.<\/p>\r\n                    <\/div>\r\n                <\/div>\r\n            <\/div>\t\t<\/div>\n\t\t\t\t<\/div>\n\t\t\t\t\t<\/div>\n\t\t<\/div>\n\t\t\t\t<div class=\"elementor-column elementor-col-33 elementor-inner-column elementor-element elementor-element-0d6a95e\" data-id=\"0d6a95e\" data-element_type=\"column\">\n\t\t\t<div class=\"elementor-widget-wrap elementor-element-populated\">\n\t\t\t\t\t\t<div class=\"elementor-element elementor-element-6da99c8 elementor-widget elementor-widget-power_element_icon_box\" data-id=\"6da99c8\" data-element_type=\"widget\" data-widget_type=\"power_element_icon_box.default\">\n\t\t\t\t<div class=\"elementor-widget-container\">\n\t\t\t<div class=\"power_iconbox type_2\">\r\n                <div class=\"power_iconbox_wrapper\">\r\n                   <div class=\"power_iconbox_icon\">\r\n                        <img decoding=\"async\" src=\"https:\/\/kovartphoto.hu\/wp-content\/uploads\/2020\/05\/11.png\" alt=\"Newborn Photography\">\r\n                    <\/div>\r\n                    <div class=\"power_iconbox_content\">\r\n                        <h6><\/h6>\r\n                        <h3>Newborn Photography<\/h3>\r\n                        <p>Lorem ipsum dolor sit amet, consectetur adipiscing elit. Ut \nsed bibendum leo maur massa eleifend et purus vel feugiat \nrutrum nulla cras vitae est.<\/p>\r\n                    <\/div>\r\n                <\/div>\r\n            <\/div>\t\t<\/div>\n\t\t\t\t<\/div>\n\t\t\t\t\t<\/div>\n\t\t<\/div>\n\t\t\t\t<div class=\"elementor-column elementor-col-33 elementor-inner-column elementor-element elementor-element-9ba9f45\" data-id=\"9ba9f45\" data-element_type=\"column\">\n\t\t\t<div class=\"elementor-widget-wrap elementor-element-populated\">\n\t\t\t\t\t\t<div class=\"elementor-element elementor-element-c5a58fb elementor-widget elementor-widget-power_element_icon_box\" data-id=\"c5a58fb\" data-element_type=\"widget\" data-widget_type=\"power_element_icon_box.default\">\n\t\t\t\t<div class=\"elementor-widget-container\">\n\t\t\t<div class=\"power_iconbox type_2\">\r\n                <div class=\"power_iconbox_wrapper\">\r\n                   <div class=\"power_iconbox_icon\">\r\n                        <img decoding=\"async\" src=\"https:\/\/kovartphoto.hu\/wp-content\/uploads\/2020\/05\/12.png\" alt=\"Festival Photography\">\r\n                    <\/div>\r\n                    <div class=\"power_iconbox_content\">\r\n                        <h6><\/h6>\r\n                        <h3>Festival Photography<\/h3>\r\n                        <p>Lorem ipsum dolor sit amet, consectetur adipiscing elit. Ut \nsed bibendum leo maur massa eleifend et purus vel feugiat \nrutrum nulla cras vitae est.<\/p>\r\n                    <\/div>\r\n                <\/div>\r\n            <\/div>\t\t<\/div>\n\t\t\t\t<\/div>\n\t\t\t\t\t<\/div>\n\t\t<\/div>\n\t\t\t\t\t<\/div>\n\t\t<\/section>\n\t\t\t\t\t<\/div>\n\t\t<\/div>\n\t\t\t\t\t<\/div>\n\t\t<\/section>\n\t\t\t\t<section class=\"elementor-section elementor-top-section elementor-element elementor-element-b5ad877 elementor-section-full_width elementor-section-height-default elementor-section-height-default\" data-id=\"b5ad877\" data-element_type=\"section\" data-settings=\"{&quot;background_background&quot;:&quot;classic&quot;}\">\n\t\t\t\t\t\t<div class=\"elementor-container elementor-column-gap-default\">\n\t\t\t\t\t<div class=\"elementor-column elementor-col-100 elementor-top-column elementor-element elementor-element-0054414\" data-id=\"0054414\" data-element_type=\"column\">\n\t\t\t<div class=\"elementor-widget-wrap elementor-element-populated\">\n\t\t\t\t\t\t<div class=\"elementor-element elementor-element-c5f466e t_align_c elementor-widget elementor-widget-power_element_section\" data-id=\"c5f466e\" data-element_type=\"widget\" data-widget_type=\"power_element_section.default\">\n\t\t\t\t<div class=\"elementor-widget-container\">\n\t\t\t<div class=\"power_header_content type_1\">\r\n                <div class=\"power_header_inner align-center\">\r\n                    <div class=\"power_header_top\">\r\n                        <h3 class=\"power_header_title\">We catch your moments<\/h3><p class=\"power_header_desc\">AENEAN FEUGIAT LIBERO LIGULA, EGET CURSUS IPSUM LAOREET<\/p>\r\n                        <div class=\"power_header_button_group\" id=\"power_header_button_id\">\r\n                            <a href=\"https:\/\/kovartphoto.hu\/?page_id=954\" class=\"power_header_button effect_5 power_header_button_icon_right\" role=\"button\" ><!--effect_(1-5)-->\r\n                                <span class=\"button_value\">Read More <\/span>\r\n                            <\/a>\r\n                        <\/div>\r\n                    <\/div>\r\n                <\/div>\r\n                \r\n            <\/div>\t\t<\/div>\n\t\t\t\t<\/div>\n\t\t\t\t\t<\/div>\n\t\t<\/div>\n\t\t\t\t\t<\/div>\n\t\t<\/section>\n\t\t\t\t<section class=\"elementor-section elementor-top-section elementor-element elementor-element-d2f6439 elementor-section-boxed elementor-section-height-default elementor-section-height-default\" data-id=\"d2f6439\" data-element_type=\"section\">\n\t\t\t\t\t\t<div class=\"elementor-container elementor-column-gap-default\">\n\t\t\t\t\t<div class=\"elementor-column elementor-col-100 elementor-top-column elementor-element elementor-element-56e52af\" data-id=\"56e52af\" data-element_type=\"column\">\n\t\t\t<div class=\"elementor-widget-wrap elementor-element-populated\">\n\t\t\t\t\t\t<div class=\"elementor-element elementor-element-d8847a6 elementor-widget elementor-widget-text-editor\" data-id=\"d8847a6\" data-element_type=\"widget\" data-widget_type=\"text-editor.default\">\n\t\t\t\t<div class=\"elementor-widget-container\">\n\t\t\t\t\t\t\t<p>Lorem ipsum dolor sit amet, consectetur adipiscing elit. Ut elit tellus, luctus nec ullamcorper mattis, pulvinar dapibus leo.<\/p>\t\t\t\t\t\t<\/div>\n\t\t\t\t<\/div>\n\t\t\t\t\t<\/div>\n\t\t<\/div>\n\t\t\t\t\t<\/div>\n\t\t<\/section>\n\t\t\t\t<section class=\"elementor-section elementor-top-section elementor-element elementor-element-2c5f0a9 elementor-section-boxed elementor-section-height-default elementor-section-height-default\" data-id=\"2c5f0a9\" data-element_type=\"section\">\n\t\t\t\t\t\t<div class=\"elementor-container elementor-column-gap-default\">\n\t\t\t\t\t<div class=\"elementor-column elementor-col-100 elementor-top-column elementor-element elementor-element-cf3aa87\" data-id=\"cf3aa87\" data-element_type=\"column\">\n\t\t\t<div class=\"elementor-widget-wrap elementor-element-populated\">\n\t\t\t\t\t\t<section class=\"elementor-section elementor-inner-section elementor-element elementor-element-e9a7c22 elementor-section-boxed elementor-section-height-default elementor-section-height-default\" data-id=\"e9a7c22\" data-element_type=\"section\">\n\t\t\t\t\t\t<div class=\"elementor-container elementor-column-gap-default\">\n\t\t\t\t\t<div class=\"elementor-column elementor-col-50 elementor-inner-column elementor-element elementor-element-7a69d14\" data-id=\"7a69d14\" data-element_type=\"column\">\n\t\t\t<div class=\"elementor-widget-wrap\">\n\t\t\t\t\t\t\t<\/div>\n\t\t<\/div>\n\t\t\t\t<div class=\"elementor-column elementor-col-50 elementor-inner-column elementor-element elementor-element-d938f85\" data-id=\"d938f85\" data-element_type=\"column\">\n\t\t\t<div class=\"elementor-widget-wrap\">\n\t\t\t\t\t\t\t<\/div>\n\t\t<\/div>\n\t\t\t\t\t<\/div>\n\t\t<\/section>\n\t\t\t\t\t<\/div>\n\t\t<\/div>\n\t\t\t\t\t<\/div>\n\t\t<\/section>\n\t\t\t\t<\/div>\n\t\t","protected":false},"excerpt":{"rendered":"<p>Simon-K\u0151v\u00e1g\u00f3 Paulina vagyok. Egy gy\u00f6ny\u00f6r\u0171 kisfi\u00fa b\u00fcszke anyuk\u00e1ja \u00e9s egy csod\u00e1latos labrador gazdija.\u00a0 Fot\u00f3z\u00e1ssal a Covid idej\u00e9n ismerkedtem meg k\u00f6zelebbr\u0151l. Ment\u00e1lisan el\u00e9g neh\u00e9z id\u0151szak volt ez nekem. \u00d6r\u00f6kmozg\u00f3k\u00e9nt musz\u00e1j volt valahogy kiszakadni abb\u00f3l a fajta bez\u00e1rts\u00e1gb\u00f3l \u00e9s ingerszeg\u00e9ny k\u00f6rnyezetb\u0151l, ami a mindennapjainkat jellemezte.\u00a0 Beszereztem h\u00e1t az els\u0151 f\u00e9nyk\u00e9pez\u0151g\u00e9pemet \u00e9s megalkottam a saj\u00e1t vil\u00e1gom. Azt\u00e1n j\u00f6ttek [&hellip;]<\/p>\n","protected":false},"author":1,"featured_media":0,"parent":0,"menu_order":0,"comment_status":"closed","ping_status":"closed","template":"template\/template-full-width.php","meta":{"footnotes":""},"class_list":["post-7","page","type-page","status-publish","hentry"],"_links":{"self":[{"href":"https:\/\/kovartphoto.hu\/index.php?rest_route=\/wp\/v2\/pages\/7"}],"collection":[{"href":"https:\/\/kovartphoto.hu\/index.php?rest_route=\/wp\/v2\/pages"}],"about":[{"href":"https:\/\/kovartphoto.hu\/index.php?rest_route=\/wp\/v2\/types\/page"}],"author":[{"embeddable":true,"href":"https:\/\/kovartphoto.hu\/index.php?rest_route=\/wp\/v2\/users\/1"}],"replies":[{"embeddable":true,"href":"https:\/\/kovartphoto.hu\/index.php?rest_route=%2Fwp%2Fv2%2Fcomments&post=7"}],"version-history":[{"count":47,"href":"https:\/\/kovartphoto.hu\/index.php?rest_route=\/wp\/v2\/pages\/7\/revisions"}],"predecessor-version":[{"id":2381,"href":"https:\/\/kovartphoto.hu\/index.php?rest_route=\/wp\/v2\/pages\/7\/revisions\/2381"}],"wp:attachment":[{"href":"https:\/\/kovartphoto.hu\/index.php?rest_route=%2Fwp%2Fv2%2Fmedia&parent=7"}],"curies":[{"name":"wp","href":"https:\/\/api.w.org\/{rel}","templated":true}]}}